{"id":1797,"date":"2011-07-14T19:45:29","date_gmt":"2011-07-14T19:45:29","guid":{"rendered":"http:\/\/192.168.9.29\/Development\/TB\/?page_id=5"},"modified":"2025-02-27T11:51:54","modified_gmt":"2025-02-27T11:51:54","slug":"empresa","status":"publish","type":"page","link":"https:\/\/perface.com.pt\/wordpress\/","title":{"rendered":"A Empresa"},"content":{"rendered":"<div style=\"clear: both;\">\n<div id=\"post-220\" class=\"page post-220 type-page status-publish\n          hentry\"><\/p>\n<p><strong><span style=\"font-size: revert; color: initial;\">Desde 1995, e com uma \u00e1rea actual de 2072 m2, operamos como elo de liga\u00e7\u00e3o entre os fornecedores e os profissionais da \u00e1rea da constru\u00e7\u00e3o.<\/span><\/strong><\/p>\n<\/p>\n<\/div>\n<div class=\"page post-220 type-page status-publish hentry\">\n<p><strong>O que comercializamos?<\/strong><\/p>\n<ul>\n<li>Perfis de alum\u00ednio;<\/li>\n<li>Acess\u00f3rios diversos (vedantes, puxadores, dobradi\u00e7as, caixas de correio, oscilo-batentes, esquadros, roldanas, etc);<\/li>\n<li>Chapas Lisas e Anti-derrapantes;<\/li>\n<li>Pain\u00e9is para Coberturas e Fachadas;<\/li>\n<li>Portas.<\/li>\n<\/ul>\n<\/div>\n<\/div>\n<div style=\"clear: both;\">\n<div class=\"page post-220 type-page status-publish hentry\">\n<p><strong><em>Inovar, responder com efici\u00eancia e criar liga\u00e7\u00f5es que resultem \u00e9 a nossa palavra de ordem, tentando imputar o m\u00e1ximo de qualidade em tudo o que fazemos.<\/em><\/strong><\/p>\n<\/div>\n<\/div>\n\n\n<p><\/p>\n","protected":false},"excerpt":{"rendered":"Desde 1995, e com uma \u00e1rea actual de 2072 m2, operamos como elo de liga\u00e7\u00e3o entre os fornecedores e os profissionais da \u00e1rea da constru\u00e7\u00e3o. O que comercializamos? Perfis de alum\u00ednio; Acess\u00f3rios diversos (vedantes, puxadores, dobradi\u00e7as, caixas de correio, oscilo-batentes, esquadros, roldanas, etc); Chapas Lisas e Anti-derrapantes; Pain\u00e9is para Coberturas e Fachadas; Portas. Inovar, responder com efici\u00eancia e criar liga\u00e7\u00f5es&nbsp;<a href=\"https:\/\/perface.com.pt\/wordpress\/\" class=\"read-more\">Continue Reading<\/a>","protected":false},"author":1,"featured_media":0,"parent":0,"menu_order":0,"comment_status":"open","ping_status":"closed","template":"page-home.php","meta":{"footnotes":""},"class_list":["post-1797","page","type-page","status-publish","hentry"],"_links":{"self":[{"href":"https:\/\/perface.com.pt\/wordpress\/wp-json\/wp\/v2\/pages\/1797","targetHints":{"allow":["GET"]}}],"collection":[{"href":"https:\/\/perface.com.pt\/wordpress\/wp-json\/wp\/v2\/pages"}],"about":[{"href":"https:\/\/perface.com.pt\/wordpress\/wp-json\/wp\/v2\/types\/page"}],"author":[{"embeddable":true,"href":"https:\/\/perface.com.pt\/wordpress\/wp-json\/wp\/v2\/users\/1"}],"replies":[{"embeddable":true,"href":"https:\/\/perface.com.pt\/wordpress\/wp-json\/wp\/v2\/comments?post=1797"}],"version-history":[{"count":30,"href":"https:\/\/perface.com.pt\/wordpress\/wp-json\/wp\/v2\/pages\/1797\/revisions"}],"predecessor-version":[{"id":3674,"href":"https:\/\/perface.com.pt\/wordpress\/wp-json\/wp\/v2\/pages\/1797\/revisions\/3674"}],"wp:attachment":[{"href":"https:\/\/perface.com.pt\/wordpress\/wp-json\/wp\/v2\/media?parent=1797"}],"curies":[{"name":"wp","href":"https:\/\/api.w.org\/{rel}","templated":true}]}}