{"id":2034,"date":"2015-04-23T11:49:56","date_gmt":"2015-04-23T11:49:56","guid":{"rendered":"http:\/\/dev.perface.com.pt\/wordpress\/?page_id=2034"},"modified":"2025-02-27T11:01:47","modified_gmt":"2025-02-27T11:01:47","slug":"catalogo","status":"publish","type":"page","link":"https:\/\/perface.com.pt\/wordpress\/catalogo\/","title":{"rendered":"Cat\u00e1logo"},"content":{"rendered":"\n<p><\/p>\n\n\n\n<style>\n\/* DivTable.com *\/\n.divTable{\n\tdisplay: table;\n\twidth: 90%;\n}\n.divTableRow {\n\tdisplay: table-row;\n}\n.divTableHeading {\n\tbackground-color: #EEE;\n\tdisplay: table-header-group;\n}\n.divTableCell, .divTableHead {\n\tborder: 0px solid #999999;\n\tdisplay: table-cell;\n\tpadding: 3px 10px;\n        text-align: center;\n        font-size: 10pt;\n        width:33%;\n\n}\n.divTableHeading {\n\tbackground-color: #EEE;\n\tdisplay: table-header-group;\n\tfont-weight: bold;\n}\n.divTableFoot {\n\tbackground-color: #EEE;\n\tdisplay: table-footer-group;\n\tfont-weight: bold;\n}\n.divTableBody {\n\tdisplay: table-row-group;\n}\n<\/style>\n\n<br><br>\n\n<div class=\"divTable\">\n<div class=\"divTableBody\">\n<div class=\"divTableRow\">\n<div class=\"divTableCell\"><a href=\"https:\/\/perface.com.pt\/modulo-1\" rel=\"noopener\"> <img decoding=\"async\" src=\"..\/wp-content\/uploads\/2022\/08\/ic35.png\" alt=\"\" border=\"0\"><\/a><\/div>\n<div class=\"divTableCell\"><a href=\"https:\/\/perface.com.pt\/modulo-2\" rel=\"noopener\"> <img decoding=\"async\" src=\"..\/wp-content\/uploads\/2022\/08\/ic35.png\" alt=\"\" border=\"0\"><\/a><\/div>\n<div class=\"divTableCell\"><a href=\"https:\/\/perface.com.pt\/modulo-3\" rel=\"noopener\"> <img decoding=\"async\" src=\"..\/wp-content\/uploads\/2022\/08\/ic35.png\" alt=\"\" border=\"0\"><\/a><\/div>\n\n<\/div>\n<div class=\"divTableRow\">\n<div class=\"divTableCell\">S\u00e9ries de Abrir<\/div>\n<div class=\"divTableCell\">S\u00e9ries de Correr<\/div>\n<div class=\"divTableCell\">S\u00e9ries Diversas<\/div>\n\n<\/div>\n<\/div>\n<\/div>\n\n<br><br>\n\n<div class=\"divTable\">\n<div class=\"divTableBody\">\n<div class=\"divTableRow\">\n\n<div class=\"divTableCell\"><a href=\"https:\/\/perface.com.pt\/paineis\" rel=\"noopener\"> <img decoding=\"async\" src=\"..\/wp-content\/uploads\/2022\/08\/ic35.png\" alt=\"\" border=\"0\"><\/a><\/div>\n<div class=\"divTableCell\"><a href=\"..\/wp-content\/uploads\/2022\/08\/C_Pergola_v2022_01_EN.pdf\" target=\"_new\" rel=\"noopener\"> <img decoding=\"async\" src=\"..\/wp-content\/uploads\/2022\/08\/ic35.png\" alt=\"\" border=\"0\"><\/a><\/div>\n<div class=\"divTableCell\"><a href=\"..\/wp-content\/uploads\/2022\/09\/Catalogo2022_V2.pdf\" target=\"_new\" rel=\"noopener\"> <img decoding=\"async\" src=\"..\/wp-content\/uploads\/2022\/08\/ic35.png\" alt=\"\" border=\"0\"><\/a><\/div>\n\n<\/div>\n<div class=\"divTableRow\">\n<div class=\"divTableCell\">Pain\u00e9is<\/div>\n<div class=\"divTableCell\">P\u00e9rgolas Bioclim\u00e1ticas<\/div>\n<div class=\"divTableCell\">Portas Pivotantes<\/div>\n<\/div>\n<\/div>\n<\/div>\n\n\n\n<p><\/p>\n","protected":false},"excerpt":{"rendered":"S\u00e9ries de Abrir S\u00e9ries de Correr S\u00e9ries Diversas Pain\u00e9is P\u00e9rgolas Bioclim\u00e1ticas Portas Pivotantes","protected":false},"author":1,"featured_media":0,"parent":0,"menu_order":0,"comment_status":"closed","ping_status":"closed","template":"page-fullwidth.php","meta":{"footnotes":""},"class_list":["post-2034","page","type-page","status-publish","hentry"],"_links":{"self":[{"href":"https:\/\/perface.com.pt\/wordpress\/wp-json\/wp\/v2\/pages\/2034","targetHints":{"allow":["GET"]}}],"collection":[{"href":"https:\/\/perface.com.pt\/wordpress\/wp-json\/wp\/v2\/pages"}],"about":[{"href":"https:\/\/perface.com.pt\/wordpress\/wp-json\/wp\/v2\/types\/page"}],"author":[{"embeddable":true,"href":"https:\/\/perface.com.pt\/wordpress\/wp-json\/wp\/v2\/users\/1"}],"replies":[{"embeddable":true,"href":"https:\/\/perface.com.pt\/wordpress\/wp-json\/wp\/v2\/comments?post=2034"}],"version-history":[{"count":130,"href":"https:\/\/perface.com.pt\/wordpress\/wp-json\/wp\/v2\/pages\/2034\/revisions"}],"predecessor-version":[{"id":3672,"href":"https:\/\/perface.com.pt\/wordpress\/wp-json\/wp\/v2\/pages\/2034\/revisions\/3672"}],"wp:attachment":[{"href":"https:\/\/perface.com.pt\/wordpress\/wp-json\/wp\/v2\/media?parent=2034"}],"curies":[{"name":"wp","href":"https:\/\/api.w.org\/{rel}","templated":true}]}}